j(k) = -k**3 - 21*k**2 - 92*k + 12. Give j(-7).
-30
Let z(h) = -39*h + 149. Determine z(4).
-7
Let b(g) = 26*g + 185. Give b(-7).
3
Let i(j) = -j**2 + 395*j + 3636. Calculate i(-9).
0
Let c(y) = 7*y + 125. Give c(3).
146
Let w(c) = c**3 + 16*c**2 - 14*c + 11. Determine w(-17).
-40
Let v(o) = 443*o + 27006. Determine v(-61).
-17
Let n(s) = -8*s - 355. Determine n(-34).
-83
Let c(k) = -37*k + 232. What is c(7)?
-27
Let f(x) = -x**3 - 8*x**2 - 8*x - 10. Calculate f(-7).
-3
Let p(a) = a**3 - 21*a**2 - 128*a - 37. Give p(26).
15
Let o(f) = -f**2 - 6*f + 138. Calculate o(-15).
3
Let l(p) = 2*p**3 + 56*p**2 + 39*p - 407. Give l(-27).
-2
Let p(v) = -v**2 - 66*v - 835. Give p(-17).
-2
Let d(w) = -6*w**3 + 5*w**2 - 13*w - 21. Determine d(4).
-377
Let a(l) = -2*l**3 + 17*l**2 - 14*l - 18. Calculate a(7).
31
Let q(i) = 2*i**3 + 15*i**2 - 33*i - 26. Calculate q(-9).
28
Let r(n) = -133*n + 1543. Give r(11).
80
Let m(n) = -9*n + 163. Calculate m(30).
-107
Let f(y) = 19429*y + 38855. Give f(-2).
-3
Let y(h) = 2*h**2 + 134*h + 939. Give y(-59).
-5
Let i(v) = -7*v + 104. Calculate i(22).
-50
Let q(b) = 320*b + 3198. Calculate q(-10).
-2
Let a(w) = 565*w + 20329. Calculate a(-36).
-11
Let i(u) = u**3 - 43*u**2 - 91*u + 49. What is i(45)?
4
Let c(g) = -5*g**3 + 67*g**2 - 15*g + 33. What is c(13)?
176
Let v(a) = -4*a**2 - 171*a - 517. What is v(-3)?
-40
Let h(u) = 160*u - 1780. Give h(11).
-20
Let l(g) = 31*g - 1765. What is l(56)?
-29
Let d(t) = -t**3 + 2*t**2 + 3*t. What is d(0)?
0
Let a(z) = -z**3 - 6*z**2 + 6*z - 37. Calculate a(-4).
-93
Let p(c) = 3843*c**2 - 15362*c - 42. Give p(4).
-2
Let o(n) = n**2 - 984*n + 11665. Give o(12).
1
Let o(z) = -10*z**2 + 85*z - 45. Give o(8).
-5
Let n(k) = 3*k**2 - 49*k + 520. Determine n(16).
504
Let i(a) = a**2 + 56*a + 377. Give i(-48).
-7
Let b(g) = -7474*g + 216748. Determine b(29).
2
Let n(i) = 2*i + 58. Determine n(-44).
-30
Let s(x) = -4*x**3 - 22*x**2 + 20*x + 55. Calculate s(-6).
7
Let m(u) = u**3 - 8*u**2 - 15*u - 129. Calculate m(11).
69
Let t(c) = c**3 + 4*c**2 + 10*c + 12. Calculate t(-5).
-63
Let c(l) = l**3 - 9*l**2 + 7*l + 43. What is c(5)?
-22
Let r(o) = 70*o - 34. Determine r(5).
316
Let b(j) = j**2 - 62*j + 303. Calculate b(5).
18
Let n(z) = z**3 - 12*z**2 + 32*z + 25. What is n(6)?
1
Let i(t) = -2*t**2 + 24*t - 114. Determine i(6).
-42
Let x(z) = 8*z + 304. Give x(-37).
8
Let i(o) = 5*o**2 + 78*o - 12. Determine i(-16).
20
Let k(t) = t**2 - 55*t + 48. Determine k(54).
-6
Let z(y) = y**3 + 13*y**2 - 14*y + 5. Calculate z(-14).
5
Let j(i) = i**3 - 37*i**2 + 42*i + 204. Calculate j(36).
420
Let k(j) = -j**3 + 16*j**2 + 2*j + 11. Give k(16).
43
Let v(a) = -198*a - 17264. What is v(-88)?
160
Let v(z) = 1170*z - 3473. What is v(3)?
37
Let o(l) = 2*l**2 + 19*l + 70. What is o(-5)?
25
Let l(h) = 4*h**2 - 149*h + 188. What is l(36)?
8
Let x(r) = r**2 + 74*r - 8037. Determine x(-134).
3
Let o(k) = -48*k**3 - 2*k**2 + k + 6. What is o(-2)?
380
Let l(o) = 5*o**2 - 130*o + 524. What is l(21)?
-1
Let j(p) = 4*p**2 - 9*p - 90. What is j(7)?
43
Let u(o) = -15*o + 255. What is u(-13)?
450
Let i(j) = j**2 + 5*j - 2755. What is i(-57)?
209
Let p(j) = -32*j + 46. Calculate p(6).
-146
Let z(c) = -10*c - 512. What is z(-37)?
-142
Let x(o) = -542*o + 30882. Give x(57).
-12
Let n(m) = -31*m - 607. What is n(-14)?
-173
Let z(v) = 3*v**2 - 69*v - 41. Determine z(26).
193
Let s(l) = 21*l**2 + 139*l + 138. Determine s(-1).
20
Let g(t) = -t**2 + 1276*t + 16754. Calculate g(-13).
-3
Let i(t) = -1552*t + 41901. Calculate i(27).
-3
Let i(j) = -17*j**2 - 9*j - 14. Give i(-3).
-140
Let s(v) = v**2 + 26*v + 144. Give s(-18).
0
Let q(u) = u**3 + 28*u**2 + 30*u - 63. Determine q(-26).
509
Let s(q) = 149*q**2 - 30*q + 9. Give s(2).
545
Let c(g) = -174*g + 1602. What is c(13)?
-660
Let z(g) = -99*g - 19. What is z(1)?
-118
Let m(b) = b**2 - 66*b + 388. Determine m(43).
-601
Let b(y) = -57*y + 28. Determine b(2).
-86
Let m(w) = w**2 + 10*w + 66. Determine m(-13).
105
Let j(s) = s**3 + 9*s**2 - 24*s - 110. Calculate j(-10).
30
Let x(h) = 2*h**3 + 79*h**2 + 30*h - 344. Calculate x(-39).
7
Let o(q) = 11*q**2 - 331*q - 54. Determine o(31).
256
Let p(a) = a**3 + 10*a**2 + 49*a + 52. Give p(-2).
-14
Let c(r) = 826*r + 3252. Give c(-4).
-52
Let q(m) = m**2 + 5*m - 222. What is q(-15)?
-72
Let d(j) = -4*j**2 - 251*j + 2651. Determine d(10).
-259
Let g(z) = -11*z**2 - 244*z - 179. Determine g(-21).
94
Let c(d) = 550*d + 555. Give c(-1).
5
Let j(s) = s**3 + 5*s**2 - 4*s + 420. What is j(-10)?
-40
Let m(b) = -b**3 - 8*b**2 + 10*b + 23. Determine m(-5).
-102
Let i(x) = -x**2 + 34*x + 314. Determine i(43).
-73
Let a(i) = -i**2 + 4*i + 7. Give a(3).
10
Let h(f) = f**2 - 84*f + 606. Calculate h(8).
-2
Let p(q) = -q**3 + 9*q**2 + 17*q + 72. Give p(12).
-156
Let l(o) = 3*o**2 + 6723*o + 40223. What is l(-6)?
-7
Let r(k) = -7*k**2 + 22*k + 3. Give r(4).
-21
Let n(t) = t**3 - 10*t**2 - 14*t - 93. What is n(12)?
27
Let c(v) = -v**2 + 25*v - 105. Give c(13).
51
Let w(z) = 31*z**2 + 243*z - 6. What is w(-8)?
34
Let x(n) = -n**3 - 4*n**2 + 144*n - 42. Give x(10).
-2
Let j(w) = -w**3 - 43*w**2 - 190*w - 6. Determine j(-38).
-6
Let o(w) = -24*w - 238. What is o(-8)?
-46
Let s(n) = 404*n - 13331. Give s(33).
1
Let p(v) = -v**3 - 120*v**2 - 2153*v + 215. Determine p(-98).
-79
Let k(a) = -157*a - 630. Give k(-4).
-2
Let i(g) = -g**2 + 500*g + 8281. Give i(-16).
25
Let w(d) = -8*d - 16. Calculate w(0).
-16
Let j(l) = l**3 - 3*l**2 - 18*l + 34. Give j(6).
34
Let f(x) = x**3 + 3*x**2 + 2*x + 46. What is f(-5)?
-14
Let r(j) = -35*j - 12. Determine r(2).
-82
Let h(l) = 20*l + 511. Give h(-24).
31
Let l(y) = -y**3 - 13*y**2 - 41*y - 40. What is l(-9)?
5
Let q(u) = -2*u**3 - 103*u**2 - 225*u + 975. Give q(-49).
-5
Let m(s) = 184*s - 469. What is m(3)?
83
Let y(r) = 1924*r - 1929. What is y(1)?
-5
Let k(m) = -m**3 + 65*m**2 + 205*m - 98. What is k(68)?
-30
Let f(i) = -7*i**3 + 5*i - 23. What is f(-5)?
827
Let j(o) = -o**3 + 23*o**2 + 26*o - 73. Give j(25).
-673
Let v(q) = 219*q - 1861. Determine v(8).
-109
Let p(d) = -d - 63. Give p(-27).
-36
Let k(f) = 2*f**3 - 62*f**2 - 40*f - 167. What is k(32)?
601
Let i(k) = -2*k**2 + 95*k + 60. Give i(42).
522
Let x(a) = -a**3 + 142*a**2 - 143*a + 257. Determine x(141).
-25
Let k(o) = -116*o**2 - 7653*o + 225. Calculate k(-66).
27
Let u(b) = 5*b**3 - b**2 - 4*b + 11. Give u(4).
299
Let k(s) = s**3 + 54*s**2 - 511*s + 14. What is k(8)?
-106
Let f(y) = -3*y**2 - 25*y + 156. Give f(10).
-394
Let k(t) = t**3 - 26*t**2 - 57*t + 11. Calculate k(28).
-17
Let f(u) = -u**3 - 10*u**2 + 16*u + 59. What is f(-11)?
4
Let c(w) = -41*w**2 + 23*w + 75. Give c(-3).
-363
Let h(l) = 262*l - 281. Determine h(1).
-19
Let s(y) = -y**3 - 61*y**2 - 67*y - 388. Determine s(-60).
32
Let a(g) = -g**2 - 49*g + 398. Determine a(11).
-262
Let s(u) = 63*u + 4275. Give s(-67).
54
Let x(i) = -220*i - 649. Determine x(-3).
11
Let r(y) = y**3 - 17*y**2 + 11*y - 124. Determine r(17).
63
Let s(d) = -2*d**3 + 99*d**2 - 19*d + 3455. Determine s(50).
5
Let f(h) = -66*h - 10631. Determine f(-161).
-5
Let q(w) = -4*w**2 - 17*w + 14. Determine q(4).
-118
Let f(z) = -z**3 + 8*z**2 - 68*z + 346. What is f(6)?
10
Let r(a) = a**3 + 21*a**2 - 46*a + 51. Determine r(-23).
51
Let u(o) = 148*o + 3549. What is u(-24)?
-3
Let r(y) = -4*y**3 - 16*y**2 + 12*y + 1. Give r(-5).
41
Let h(j) = j**2 - 15*j + 107. Calculate h(15).
107
Let d(v) = -2*v**2 - 7*v + 191. Determine d(-12).
-13
Let a(s) = s**2 + 61*s - 286. Give a(5).
44
Let o(s) = -8*s**2 + 275*s - 1584. What is o(27)?
9
Let t(q) = -17*q**2 - 11*q + 3. Calculate t(-5).
-367
Let v(a) = a**2 + 1657*a - 15010. Determine v(9).
-16
Let i(x) = -5*x**3 + 46*x**2 - 9*x + 11. Give i(9).
11
Let i(l) = -59*l**2 + 12*l + 30. Determine i(-2).
-230
Let f(i) = -i**3 + 107*i**2 + 861*i + 6788. Determine f(115).
3
Let h(c) = -c**2 + 23*c - 38. Give h(22).
-16
Let i(u) = u**3 + 44*u**2 + 77*u - 72. Determine i(-42).
222
Let k(u) = -u**3 - 10*u**2 - 14*u - 88. Determine k(-10).
52
Let w(n) = 179*n + 1038. Determine w(-5).
143
Let b(v) = 3*v**2 - 14*v + 2. Calculate b(5).
7
Let z(q) = -q**3 - 15*q**2 - 13*q - 49. What is z(-14)?
-63
Let r(h) = -79*h - 7338. Determine r(-94).
88
Let n(d) = -d**3 - 29*d**2 - 92*d + 200. What is n(-25)?
0
Let p(d) = -3*d**3